e of 10?
True
Does 25 divide 1650?
True
Is 47 a factor of 377?
False
Does 115 divide 805?
True
Is 83475 a multiple of 53?
True
Is 4 a factor of 320?
True
Is 23 a factor of 559?
False
Does 87 divide 9119?
False
Is 7126 even?
True
Does 54 divide 7560?
True
Does 5 divide 538?
False
Is 2 a factor of 9832?
True
Is 12690 a multiple of 27?
True
Is 24 a factor of 4175?
False
Does 38 divide 114?
True
Is 1382 a multiple of 55?
False
Does 3 divide 2463?
True
Does 6 divide 480?
True
Is 520 a multiple of 13?
True
Does 15 divide 10800?
True
Is 2720 a multiple of 4?
True
Is 50 a factor of 150?
True
Does 10 divide 5709?
False
Is 48 a factor of 61683?
False
Is 8 a factor of 991?
False
Does 3 divide 88?
False
Does 10 divide 3140?
True
Does 15 divide 3165?
True
Is 22 a factor of 1172?
False
Is 8 a factor of 1210?
False
Is 43 a factor of 6798?
False
Is 202 a factor of 105280?
False
Is 705 a multiple of 24?
False
Is 17992 a multiple of 26?
True
Does 155 divide 42627?
False
Is 44 a factor of 13033?
False
Does 28 divide 1508?
False
Does 40 divide 3080?
True
Does 7 divide 259?
True
Is 14 a factor of 15274?
True
Does 3 divide 4056?
True
Is 3724 a multiple of 167?
False
Does 3 divide 1394?
False
Does 13 divide 247?
True
Does 106 divide 44023?
False
Does 103 divide 13097?
False
Is 2244 a multiple of 18?
False
Is 238 a multiple of 6?
False
Does 116 divide 5277?
False
Does 77 divide 35882?
True
Does 3 divide 5689?
False
Is 37 a factor of 703?
True
Does 22 divide 2860?
True
Is 5 a factor of 1463?
False
Does 35 divide 1005?
False
Does 21 divide 4282?
False
Is 3948 a multiple of 42?
True
Is 2214 a multiple of 3?
True
Is 360 a multiple of 8?
True
Is 6039 a multiple of 9?
True
Is 75 a factor of 17431?
False
Does 4 divide 3028?
True
Is 20 a factor of 2100?
True
Is 20 a factor of 50400?
True
Is 377 a multiple of 29?
True
Does 3 divide 268?
False
Is 65 a factor of 6348?
False
Does 20 divide 1743?
False
Is 73 a factor of 1387?
True
Does 53 divide 1777?
False
Does 17 divide 1533?
False
Is 94 a factor of 2068?
True
Does 14 divide 260?
False
Is 315 a multiple of 9?
True
Is 22 a factor of 2359?
False
Is 1989 a multiple of 49?
False
Is 56548 a multiple of 134?
True
Is 379 a multiple of 19?
False
Does 69 divide 5711?
False
Is 3234 a multiple of 98?
True
Is 4 a factor of 28?
True
Does 18 divide 7614?
True
Is 59 a factor of 15281?
True
Is 138918 a multiple of 86?
False
Does 5 divide 5?
True
Is 17 a factor of 2518?
False
Is 40 a multiple of 8?
True
Is 67 a factor of 57084?
True
Is 322 a multiple of 7?
True
Is 3114 a multiple of 18?
True
Is 83292 a multiple of 11?
True
Is 5577 a multiple of 13?
True
Does 11 divide 17?
False
Is 4 a factor of 26?
False
Is 43214 a multiple of 31?
True
Is 7 a factor of 1470?
True
Is 76 a factor of 15808?
True
Is 7500 a multiple of 12?
True
Is 127 a factor of 2068?
False
Is 127 even?
False
Is 22 a factor of 377?
False
Is 1921 a multiple of 13?
False
Does 109 divide 6060?
False
Is 409 a multiple of 15?
False
Does 19 divide 294?
False
Does 266 divide 61446?
True
Does 3 divide 135?
True
Is 546 a multiple of 14?
True
Does 6 divide 354?
True
Does 17 divide 3736?
False
Does 23 divide 1886?
True
Is 1228 a multiple of 36?
False
Is 5460 a multiple of 8?
False
Does 8 divide 2640?
True
Is 13 a factor of 70174?
True
Is 59 a factor of 1475?
True
Is 10 a factor of 24000?
True
Is 138 a factor of 17112?
True
Does 22 divide 473?
False
Is 20160 a multiple of 35?
True
Is 2310 a multiple of 7?
True
Is 58 a factor of 3960?
False
Does 42 divide 562?
False
Does 51 divide 663?
True
Is 258 a multiple of 129?
True
Does 4 divide 17477?
False
Is 1210 a multiple of 11?
True
Is 92 a multiple of 2?
True
Is 1573 a multiple of 13?
True
Is 11375 a multiple of 106?
False
Is 6678 a multiple of 45?
False
Is 70 a factor of 1996?
False
Is 23 a factor of 18149?
False
Is 6 a factor of 28386?
True
Is 364 a multiple of 7?
True
Does 56 divide 2193?
False
Is 71660 a multiple of 20?
True
Is 47 a factor of 423?
True
Is 804 a multiple of 12?
True
Is 6510 a multiple of 70?
True
Is 107 a factor of 1284?
True
Is 6912 a multiple of 70?
False
Is 30 a factor of 48?
False
Does 13 divide 1810?
False
Is 13 a factor of 3896?
False
Is 12 a factor of 29?
False
Does 13 divide 5278?
True
Is 33 a factor of 495?
True
Is 40 a factor of 48200?
True
Is 23 a factor of 1319?
False
Is 14 a factor of 4886?
True
Does 47 divide 17766?
True
Is 384 a multiple of 8?
True
Is 7 a factor of 1491?
True
Does 51 divide 68493?
True
Does 19 divide 22952?
True
Does 2 divide 8?
True
Is 453 a multiple of 8?
False
Is 40 a factor of 71122?
False
Does 24 divide 432?
True
Is 594 a multiple of 11?
True
Is 18622 a multiple of 104?
False
Does 6 divide 486?
True
Does 9 divide 783?
True
Is 722 a multiple of 14?
False
Is 162 a multiple of 2?
True
Is 143 a factor of 2574?
True
Does 75 divide 30000?
True
Is 2039 a multiple of 13?
False
Does 23 divide 17855?
False
Is 2 a factor of 152?
True
Is 136 a factor of 8024?
True
Is 12144 a multiple of 12?
True
Is 3267 a multiple of 28?
False
Does 18 divide 3006?
True
Does 17 divide 98379?
True
Is 3497 a multiple of 13?
True
Is 68 a multiple of 34?
True
Is 2052 a multiple of 38?
True
Is 10 a factor of 670?
True
Is 32 a factor of 320?
True
Is 2563 a multiple of 48?
False
Is 8008 a multiple of 13?
True
Is 6750 a multiple of 64?
False
Is 587 a multiple of 43?
False
Is 8050 a multiple of 161?
True
Is 32 a factor of 256?
True
Is 1234 a multiple of 32?
False
Does 13 divide 1511?
False
Is 164 a factor of 21976?
True
Is 2652 a multiple of 17?
True
Is 4551 a multiple of 111?
True
Is 540 a multiple of 12?
True
Does 27 divide 9519?
False
Is 10 a factor of 2660?
True
Does 220 divide 32780?
True
Is 29 a factor of 91669?
True
Is 2490 a multiple of 22?
False
Does 24 divide 216?
True
Is 690 a multiple of 3?
True
Is 16 even?
True
Is 22 a factor of 2112?
True
Is 16 a factor of 1681?
False
Does 17 divide 3111?
True
Does 18 divide 11448?
True
Does 7 divide 17535?
True
Is 3901 a multiple of 12?
False
Is 25 a factor of 2810?
False
Is 3747 a multiple of 9?
False
Is 38059 a multiple of 17?
False
Is 2640 a multiple of 33?
True
Does 18 divide 2448?
True
Does 9 divide 9?
True
Is 1399 a multiple of 32?
False
Does 24 divide 1130?
False
Does 15 divide 4124?
False
Is 146386 a multiple of 12?
False
Is 829 a multiple of 12?
False
Is 4 a factor of 1601?
False
Does 15 divide 30?
True
Does 27 divide 6747?
False
Is 6 a factor of 709?
False
Does 4 divide 76?
True
Is 12 a factor of 972?
True
Does 8 divide 1136?
True
Is 2 a factor of 235?
False
Is 65 a factor of 8607?
False
Does 16 divide 28861?
False
Is 260 a multiple of 20?
True
Is 38 a factor of 6612?
True
Is 16 a factor of 80?
True
Does 193 divide 4387?
False
Does 8 divide 22758?
False
Is 314 a multiple of 4?
False
Is 1164 a multiple of 39?
False
Is 17 a factor of 1229?
False
Is 49 a factor of 1519?
True
Is 18 a factor of 15356?
False
Does 64 divide 34142?
False
Does 37 divide 44659?
True
Does 9 divide 882?
True
Is 36 a factor of 36?
True
Is 432 a multiple of 48?
True
Is 1089 a multiple of 9?
True
Is 9266 a multiple of 113?
True
Is 3 a factor of 12003?
True
Is 2710 a multiple of 5?
True
Is 8163 a multiple of 23?
False
Is 1889 a multiple of 31?
False
Does 10 divide 730?
True
Is 1332 a multiple of 50?
False
Is 16048 a multiple of 17?
True
Is 14 a factor of 164?
False
Is 6 a factor of 5976?
True
Is 4 a factor of 3454?
False
Is 43 a factor of 32680?
True
Is 82 a multiple of 82?
True
Is 26 a factor of 4316?
True
Is 30 a factor of 13980?
True
Is 155 a factor of 119080?
False
Is 80 a multiple of 8?
True
Does 27 divide 1566?
True
Is 593 a multiple of 13?
False
Is 45314 a multiple of 120?
False
Does 4 divide 3908?
True
Is 1873 a multiple of 72?
False
Does 91 divide 91?
True
Is 399 a multiple of 28?
False
Does 3 divide 128?
False
Is 21 a factor of 1523?
False
Does 2 divide 166?
True
Does 11 divide 814?
True
Does 15 divide 1140?
True
Does 13 divide 7960?
False
Does 86 divide 21984?
False
Is 85 a multiple of 3?
False
Does 143 divide 15474?
False
Is 4434 a multiple of 6?
True
Is 13 a factor of 4616?
False
Is 1473 a multiple of 26?
False
Is 364 a multiple of 10?
False
Does 33 divide 4455?
True
Does 111 divide 555?
True
Is 9432 a multiple of 12?
True
Is 56 a factor of 1008?
True
Does 89 divide 8010?
True
Is 15 a fa